Suppose -f - 10 = -3*a + 4*a, 0 = 4*a - 3*f + 12. Let y(m) = 7*m**2 - 5*m - 8. Is 12 a factor of y(a)?
False
Suppose -18*h + 21*h = 9. Let d(n) = -n**2 - 5*n + 5. Let a be d(-5). Suppose h*u + a*y - 65 = 0, -u - 4*y + 28 = 4. Does 10 divide u?
True
Let m = 1530 - 1278. Is 9 a factor of m?
True
Is 85428/119 - (-22)/187 a multiple of 44?
False
Let c be 12/(-1)*(-15)/(-20)*9. Let w = c + 181. Does 20 divide w?
True
Let v be 6/4*-1*-2. Let h(c) = c**3 - 4*c**2 + 4*c - 3. Let r be h(v). Suppose 3*f + 2*j + 0*j - 221 = r, 3*j = -f + 69. Is 9 a factor of f?
False
Let a(m) = -7*m**3 + m**2 - 5*m + 19. Is 20 a factor of a(-4)?
False
Let i(d) = d**2 + 5*d + 2. Let o be i(-1). Let l(k) = -65*k + 8. Is 23 a factor of l(o)?
True
Let n = -46 - -21. Let f = n + 50. Is f a multiple of 9?
False
Suppose -2*h - 78 = -280. Let t be -31*(-2 + (0 - 0)). Let u = h - t. Is u a multiple of 31?
False
Suppose 8*f - 204 = 2*f. Is f a multiple of 21?
False
Is 144*(18/4 - 14/(-28)) a multiple of 10?
True
Let z(i) be the third derivative of i**6/360 - i**5/60 - 5*i**3/6 + 5*i**2. Let k(o) be the first derivative of z(o). Is 4 a factor of k(4)?
True
Let a(i) = -17*i**3 - 2*i**2 - 5*i - 3. Let q be a(-2). Let x = -85 + q. Is 25 a factor of x?
True
Does 21 divide 4 + -1 - -286*(3 + 0)?
True
Suppose -3*z + 0*z = -9. Suppose l = z*l - 44. Is 16 a factor of l?
False
Suppose 5*j - 4*w - 27945 = 0, 29*j = 24*j + w + 27945. Is 69 a factor of j?
True
Let m(j) = -54*j - 168. Let i be m(-1). Suppose 802 = -5*k - 2*s, 3*k + 361 = -4*s - 109. Let c = i - k. Does 12 divide c?
True
Does 99 divide (-175824)/440*(-40)/6?
False
Suppose 0 = 9*p - 4021 + 412. Is 15 a factor of p?
False
Let m = 812 - 336. Is 49 a factor of m?
False
Let f be 35/(-2)*96/(-56). Suppose -5*s + 0 = -f. Let r = 40 + s. Is 13 a factor of r?
False
Is 37 a factor of (1970/25)/((-6)/(-15))?
False
Suppose 4*i - 792 = -588. Is i a multiple of 14?
False
Let f be (-13)/39 + (-1)/(-3). Suppose 2*q + 4*q + 234 = f. Let n = q + 94. Is n a multiple of 11?
True
Let t(r) = -10*r**3 - 5*r**2 + 4*r + 8. Is 20 a factor of t(-2)?
True
Suppose 9*r + 413 = 2366. Does 31 divide r?
True
Suppose 0 = -7*h + 6*h + 182. Is 26 a factor of h?
True
Suppose -14*c + 9*c = -5500. Does 44 divide c?
True
Suppose a + 2 = -5*h - 6, 2*a + 5*h + 6 = 0. Is 3 a factor of (-3)/a*(2632/(-21))/4?
False
Let o(d) = -d**3 - 17*d**2 - 2*d. Let v be o(-8). Is (12/7)/(-4*4/v) a multiple of 20?
True
Let a(q) = -q**3 + 8*q**2 - 6*q - 2. Let r(g) = -g - 1. Let v be r(-8). Let h be a(v). Let o(p) = -p**2 + 11*p + 6. Is 12 a factor of o(h)?
True
Let n = -228 + 511. Let f = n + -173. Does 17 divide f?
False
Suppose 2*v + 17*v = 6498. Is v a multiple of 7?
False
Let u be 18/18 + 1/((-2)/(-842)). Suppose 0 = -5*x + u + 133. Is x a multiple of 16?
False
Let t = 34 - 76. Let r be 24/(-36)*t/4. Suppose 0 = -4*g + u + 354, -3*g = -r*g + 4*u + 360. Does 23 divide g?
False
Suppose -18*p = -558 - 198. Does 27 divide p?
False
Suppose -33 = -6*a + 153. Let z = -17 + a. Does 14 divide z?
True
Suppose -199*t + 197*t + 378 = 0. Is 27 a factor of t?
True
Suppose -w - 17 - 3 = 0. Suppose -3*j = 2*k - 35 + 138, 5*k + 247 = -4*j. Let g = w - k. Does 16 divide g?
False
Let c(j) = j**3 + 11*j**2 - 20*j - 8. Let t be c(-8). Suppose -g - t = -5*g. Is 18 a factor of g?
False
Suppose -16 + 6 = j. Let r be 8/(-20) - (-36)/j. Does 5 divide (r/(-8))/((-2)/(-148))?
False
Let v(l) = -476*l**3 + 3*l**2 + 3*l + 4. Does 8 divide v(-1)?
True
Let j be (-5 + 2)*(-10)/(-3). Is 2/j - 1392/(-60) a multiple of 6?
False
Suppose 2014 + 1346 = 5*y. Is 64 a factor of y?
False
Let d = 997 - 665. Is 48 a factor of d?
False
Suppose -8*y = -0*y + 56. Let h(c) = -2*c**2 - 13*c + 15. Let g(a) = 2*a**2 + 14*a - 16. Let k(q) = -6*g(q) - 7*h(q). Does 30 divide k(y)?
False
Suppose 5*x + 9 = n + 1, -5*x = 5*n - 10. Let w(a) = -167*a**3 + a**2 + 5*a + 3. Is 9 a factor of w(x)?
False
Let p = 3232 - 3203. Is p a multiple of 29?
True
Suppose -a - 7 = -w - 1, 2*a + 4*w + 30 = 0. Let l be (9/(a/(-10)))/1. Suppose 0 = 5*q + l, -4*r - 2*q + 166 + 54 = 0. Is 14 a factor of r?
True
Let g = 673 - 981. Is (-17)/((-12)/(-28) + 160/g) a multiple of 9?
False
Suppose 0 = 7*w + 15 - 50. Let p(f) = f**3 - 3*f**2 + 5*f - 6. Is 9 a factor of p(w)?
False
Let y(h) = -17*h**3 + 18*h**3 + 5*h + 2 + 7*h**2 - 14*h. Does 10 divide y(-8)?
True
Suppose -3 = c - 5, -3*v + 5*c + 2 = 0. Suppose s + 2*x - 121 = 121, -3*s + 724 = v*x. Is 15 a factor of s?
True
Suppose 5*q = -5*f, 3*q - f - 2*f - 12 = 0. Let k(j) = 59*j**2 - 2 - 25*j**2 - 32*j**2 + q*j. Is k(-3) a multiple of 10?
True
Let g = 2566 + -1824. Does 14 divide g?
True
Let a = -103 - -197. Does 2 divide a?
True
Suppose 11*z = 49275 - 13096. Does 74 divide z?
False
Let a be 69 + -4 - (12/(-3) + 4). Let w = -44 + a. Is 21 a factor of w?
True
Let z = 85 + -46. Suppose -l = v - z, 0 = 4*l + l - 5*v - 175. Is l a multiple of 13?
False
Let d = 20 - 5. Suppose -d = -5*r - o - o, r - o = 10. Let p = r - -13. Does 9 divide p?
True
Let u(i) = i**3 + 3*i**2 - 21*i + 10. Does 7 divide u(4)?
False
Suppose 14*f - 9*f = 0. Let d = 24 + -16. Suppose f*v = -v + d. Is v even?
True
Suppose -4*i = -2*i - 8. Let l(u) = -4*u**2 - 2*u + 34. Let a(z) = z**2 - 7. Let c(m) = 14*a(m) + 3*l(m). Is c(i) a multiple of 3?
True
Suppose 74*j - 22 = 72*j. Let m be ((-2)/6)/((-1)/(-3)). Let z = j + m. Does 5 divide z?
True
Suppose -5*g + 3365 = 3*r, -5*r - 3198 = -g - 8797. Does 40 divide r?
True
Suppose -90 = 2*n - 1986. Is n/16 + (-1)/4 a multiple of 7?
False
Let a = 3159 + -1535. Let o be a/36 - (-2)/(-18). Is ((-36)/(-15))/(3/o) a multiple of 10?
False
Let i(r) = 2*r + 30. Let x be i(-23). Let u = 68 + -34. Let g = x + u. Is 13 a factor of g?
False
Let a(x) = x**2 - 12*x - 23. Let g be a(14). Suppose -g*l + 7*l - 90 = 0. Does 9 divide l?
True
Let r = -289 - -700. Suppose 0 = -6*l + r - 159. Is 21 a factor of l?
True
Suppose -3*w - 12 = -4*w. Let t = 2 - w. Does 5 divide (25/t)/(1/(-2))?
True
Let s(u) = -u**3 - 3*u**2 - 6*u + 2. Let w be s(-5). Let n be (-138)/10 - 2/10. Let f = w + n. Does 17 divide f?
True
Let j = -6 - 12. Let d = 21 - j. Does 35 divide d?
False
Does 24 divide (-2)/9 + (-3250)/(-45)?
True
Suppose -4*f = -3*f + 8. Is 2/f - 1905/(-20) a multiple of 33?
False
Suppose w + 11 = 4*l, -3*w - 3*l = -l - 9. Is 4 a factor of (-2 - w) + 18 - 4?
False
Suppose -118*s + 13662 = -96*s. Is s a multiple of 30?
False
Let x(a) = 8*a**2 - 4*a**3 - 3*a**3 + 3 + 2*a**3 + 4*a**3 - 7*a. Let c be x(7). Suppose 0 = -4*q + c*q + 3, 2*t = 3*q + 87. Is t a multiple of 19?
False
Let z(i) = -i**3 + 18*i**2 - 10*i - 16. Let u be z(16). Let t = u - 146. Is 32 a factor of t?
False
Let t(j) = -11*j**2 - j - j - 2*j + 5*j. Let r be t(-1). Let w = 12 - r. Does 8 divide w?
True
Let p(m) = m**3 + 8*m**2 - 21*m - 25. Let y be p(-10). Let a(d) = 20*d**3 + d. Let j be a(1). Let h = y + j. Is h even?
True
Let n be 3/(-1) + ((-6657)/3)/(-7). Suppose l + 3*l = -4*z + 616, 2*z + 5*l - n = 0. Is z a multiple of 46?
False
Suppose 0 = 5*c - 10 - 5. Let k(j) = -j**2 - 9*j + 5. Let u be k(-9). Suppose -c = f + u*t + 6, -2*f + 3*t + 21 = 0. Is f a multiple of 6?
True
Let l(o) = 8*o**3 + 5*o**2 - o - 2. Is l(5) a multiple of 26?
True
Suppose 3*a - a + 112 = 5*g, 0 = 4*a - 16. Let k = g + -27. Does 8 divide (-2)/(-6) - 29/k?
False
Let r(z) = z**2 - 6*z - 4. Let a be r(7). Suppose 5*s - 385 = -3*b, -7*s = -4*s + a*b - 237. Suppose 4*v + s = 242. Does 19 divide v?
False
Is ((-30)/25)/(10/25)*-239 a multiple of 41?
False
Let v(r) = 20*r - 4. Let x(n) = -2 - 4*n - 9*n - 7*n + 6. Let d(f) = -6*v(f) - 5*x(f). Does 28 divide d(-4)?
True
Let m(x) be the second derivative of -x**3/6 - 5*x**2/2 + 2*x. Let p be m(-6). Does 15 divide (81/(-36))/(p/(-20))?
True
Let g = 119 + -31. Suppose -2*u + f + g = -238, -f + 326 = 2*u. Does 53 divide u?
False
Suppose -4*d = -3*x - 17, 2*x + 0*d - 3*d = -13. Let b be 2/(-2) + (18 - x). Let y = -11 + b. Does 2 divide y?
False
Suppose y + 3 = 6. Suppose -4 = 5*j + y*i + 31, 2*j = 3*i + 7. Let o = j - -26. Is 3 a factor of o?
False
Let m(c) = -c + 2. Let l be m(-2). Suppose 4*i = 4 + l. Suppose 5*d - 206 = i*f, -4*d + d + f + 124 = 0. Is 21 a factor of d?
True
Suppose 9*g - 1311 = -10*g. Is 7 a factor of g?
False
Let t = -120 + 190. Let g